is the remainder when h is divided by m?
16
Let y(f) = 2*f - 2. Let l be y(21). Suppose -39*p = -l*p + 20. What is the remainder when p is divided by 11?
9
Suppose 981 = 2*a - 499. Suppose 4*c - 2*c = a. Suppose -3*m + 5*i = -m - 155, 2*i = -4*m + c. Calculate the remainder when m is divided by 23.
21
Let z be 16/(-4) - 36/(-4). Let i(o) = o**3 - 3*o**2 - 4*o - 8. What is the remainder when 63 is divided by i(z)?
19
Let p = 44 + -19. Let t(j) = 26*j**2 - 3*j. Let d = -2 + 4. Calculate the remainder when t(d) is divided by p.
23
Suppose 77*t - 9135 = -3052. What is the remainder when t is divided by 16?
15
Let m be -2*(-1)/((-4)/(-6)). Suppose 5*j - 60 = m*j. Suppose -4 - 60 = -4*w. What is the remainder when j is divided by w?
14
Let r(h) = h**3 - 9*h**2 + 14*h + 20. Calculate the remainder when 38 is divided by r(7).
18
Let c be 9*(1 + 1 - 1). Let z = -30 + 44. Suppose r - 8 = 3*k, c*k + z = 2*r + 4*k. What is the remainder when 9 is divided by r?
1
Let c be (-6)/(21/(-28)*4/6). Let f(b) = -b**3 + 12*b**2 + 2*b - 7. What is the remainder when f(c) is divided by 5?
2
Let v = 27 + -25. Let a be v - ((-61)/1 + 2). Let j = 89 - a. What is the remainder when j is divided by 15?
13
Let c be (-55)/(-15) + (-6)/9. Suppose 0 = -9*m - c*m + 576. What is the remainder when m is divided by 7?
6
Let a(i) = -5*i - 5. Let p = 76 + -65. What is the remainder when a(-5) is divided by p?
9
Suppose -654*j + 416 = -650*j. Calculate the remainder when 829 is divided by j.
101
Let o = 3 - -12. Let w(y) = 3*y**2 + 2*y + 6. What is the remainder when w(-5) is divided by o?
11
Let u(x) = 3*x**3 - 9*x**2 + 15*x + 6. Calculate the remainder when u(5) is divided by 16.
7
Let z = -176 + 406. What is the remainder when z is divided by 60?
50
Let t = -29 - -31. Suppose -x = -0*x - 4*b + 12, -x + 2*b - t = 0. Calculate the remainder when 21 is divided by x.
5
Let s = 102 + -102. Suppose 1 = -2*k + k, s = -2*c - k + 45. Calculate the remainder when 111 is divided by c.
19
Let i be ((-3 + 0)*-3 - 2) + -3. Calculate the remainder when 7 + (-2 - -1 - -1) is divided by i/(-6)*(0 + -1)*6.
3
Let i be ((-2)/6)/((-2)/282). Suppose 1 + i = 4*z. What is the remainder when z is divided by 7?
5
Let x be 1/(0 + (-1 - -2)). Calculate the remainder when 9 is divided by 6/x*4/6.
1
Suppose 0 = -43*v + 87 + 171. What is the remainder when 39 is divided by v?
3
Let h(f) = -f**3 + 5*f**2 - 5*f - 7. Let w be h(3). Let l be 4/(-6) - 2/6. What is the remainder when (-119)/w + l/(-4) is divided by 16?
14
Let f = -87 - -180. Suppose -14*g = -4*g + 210. Let z = g + 40. What is the remainder when f is divided by z?
17
Let z be (1 - 0)/(-7) + (-11753)/49. Let w = 341 + z. Calculate the remainder when w is divided by 34.
33
Let d = -11 - -13. What is the remainder when (d - (-204)/6) + 2 + -1 is divided by 13?
11
Suppose 94*p - 12 = 93*p. Calculate the remainder when 131 is divided by p.
11
Let t(j) = j**3 + 3*j**2 + 12*j + 24. Let m(v) = v**3 + 4*v**2 + 12*v + 24. Let n(a) = -3*m(a) + 2*t(a). Calculate the remainder when 43 is divided by n(-5).
10
Suppose -37 + 2 = -r. What is the remainder when r is divided by 23?
12
Suppose -8*y + 2928 = 4*y. Let q = -67 + 108. What is the remainder when y is divided by q?
39
Suppose 4*u - 412 = -5*k, -2*u + 3*k = -79 - 149. Let o(l) = -l**2 - 1819*l + 28. Calculate the remainder when u is divided by o(0).
24
Let q be -2 - 1 - (32 + 7). Let j = 16 + q. Let l = -15 - j. Calculate the remainder when l is divided by 7.
4
Let s(b) = -21*b - 5. Let w be s(-6). Suppose 37 = 2*i - w. Let y = 76 - 49. Calculate the remainder when i is divided by y.
25
Let z(y) = -5*y**3 + 4*y**3 + 8*y + 140 - 132 + 6*y**2. Calculate the remainder when 26 is divided by z(7).
11
Let n(f) = -2*f - 51. Suppose -2*r + 7 + 5 = 0. Let o = 9 - r. What is the remainder when o is divided by n(-26)?
0
Let b = 163 + -106. Suppose 5*s = 5*o + 66 + 9, 5*s - b = -o. Calculate the remainder when 69 is divided by s.
9
Let u(b) = b**3 + 7*b**2 + 2*b - 6. Suppose 2*a - 217 = -2*a + 5*g, -3*g - 15 = 0. Calculate the remainder when a is divided by u(-6).
12
What is the remainder when 2*1*1066/26 is divided by 58?
24
Suppose -7*t + 12*t = -170. What is the remainder when (-1 + 0)*(-9 + t) is divided by 15?
13
Suppose -3*l - 20 = -2*o - 492, -l + 152 = 2*o. Calculate the remainder when l is divided by 40.
36
Suppose 0 = -2*l - 10, -49 = -h - 7*l + 2*l. Calculate the remainder when h is divided by 38.
36
Let l = -8 + 8. Let v = l + 4. Suppose -5*p + v*p = -11. What is the remainder when 31 is divided by p?
9
Suppose -32*y = -23*y - 459. What is the remainder when y is divided by 43?
8
Suppose 17*i - 218 - 37 = 0. Calculate the remainder when 48 is divided by i.
3
Let f = 67 + -35. Let u = f + -23. What is the remainder when (10 - 130)/(-8) + 1*2 is divided by u?
8
Suppose -c + 5*i - 20 = -6*c, -c + i = -14. Suppose -3*g + 15 + c = 0. Suppose 2*l - 34 = -g. Calculate the remainder when l is divided by 4.
1
Let f = -342 + 235. Let x = f + 193. Calculate the remainder when x is divided by 15.
11
Let l be (12/(-15))/(6/75). Calculate the remainder when 23 is divided by 882/70 + (-4)/l.
10
Let y = 24 - 17. Suppose 4*l = -4*n + 20, 0 = -0*l + l. Suppose 2*x + 3*m + 27 = y*x, m = n*x - 29. What is the remainder when x is divided by 2?
0
Let s be -2 - -5 - (9 + -2). Calculate the remainder when 114 is divided by (-113)/s - 9/(-12).
27
What is the remainder when 48/(-120) + (-3036)/(-15) is divided by 29?
28
Let f = 1089 + -1033. Calculate the remainder when 327 is divided by f.
47
Let b be (-1)/((2 - 2) + 1). Let h = -5 - b. Let p = h + 7. What is the remainder when 9 is divided by p?
0
Suppose 455 - 293 = 2*p. Calculate the remainder when p is divided by 22.
15
Suppose 4*j + 129 = 7*j. What is the remainder when j is divided by 22?
21
Let f(v) = -2*v**2 - 33*v + 25. Let k be f(-14). Let j = 126 - k. What is the remainder when 92 is divided by j?
30
Suppose -t - 74 = x - 274, -5*x + 3*t + 1000 = 0. Calculate the remainder when x is divided by 25.
0
Let i be -1112*15/(-240)*(-8)/(-2). Let p = 4 - -1. Suppose -3*r = -3*b - 47 + i, -4*b - p*r = -281. Calculate the remainder when b is divided by 19.
17
Let h be ((-414)/6 - -3) + 2 + -1. Let k = -62 - h. What is the remainder when 9 is divided by k?
0
Suppose 276 = -14*u + 20*u. What is the remainder when 89 is divided by u?
43
Calculate the remainder when (-468)/(-60) + 8/(-10) is divided by 5/2*(0 + 2).
2
Suppose 27*o - 5 = 22*o. What is the remainder when (26/1 + 1)*(3 - o) is divided by (-1*2)/(4/(-38))?
16
Suppose 10*r + 8*r = 486. Let x = 715 + -428. Suppose 3*f - x = -53. Calculate the remainder when f is divided by r.
24
Let w = 10201 - 10145. Calculate the remainder when w is divided by 1 - 0 - 19/(-1).
16
Let q(t) = 12*t**3 - t - 3. Let y be q(-2). Let j = 117 + y. Suppose -3*w = -1 - 2, -4*h - 2*w = -34. Calculate the remainder when j is divided by h.
4
Let g(z) = -z - 10. What is the remainder when 103 is divided by g(-31)?
19
Suppose 4*m = 2*q + 6570, 4933 = 3*m + q + 3*q. What is the remainder when m is divided by 137?
136
Suppose 5*v - 4*d = 78, 4*v - 3*d - 34 = 29. What is the remainder when 23*14*3/((-6)/(-1)) is divided by v?
17
Let m(x) = x**2 + 4*x - 45. What is the remainder when 29 is divided by m(-10)?
14
Calculate the remainder when 206 is divided by (-80)/(-16) + (-5)/((-10)/76).
34
Let s(j) = -5*j - 6. Let a be s(-6). Let w = a - -25. Let v(h) = -h**2 - 13*h - 17. Calculate the remainder when w is divided by v(-10).
10
Suppose -10*q + 40 = 20. Suppose -q*u - 15 = -45. Calculate the remainder when u is divided by 6.
3
Let l(v) = 13*v**2 - 15*v - 13. Calculate the remainder when 341 is divided by l(-2).
65
Calculate the remainder when 5/15*-13*-114 is divided by 11.
10
Let z(u) be the first derivative of -u**4/4 + 10*u**3/3 - 9*u**2 + 9*u + 3. Calculate the remainder when z(7) is divided by 11.
8
Let v(d) = -9*d + 290. What is the remainder when v(23) is divided by 4/6 - 122/(-6)?
20
What is the remainder when 31 is divided by 15/(90/(-4))*-9?
1
Let i(x) be the first derivative of -5*x**3/3 - x**2/2 + 2*x - 4. Let p be i(-3). What is the remainder when 15 is divided by (54/45)/((-6)/p)?
7
Let v(q) = -4*q - 14 - 17 + 40 + 8*q. Calculate the remainder